{"id":3493,"date":"2024-11-27T00:50:47","date_gmt":"2024-11-27T03:50:47","guid":{"rendered":"https:\/\/nifemedia.com\/?page_id=3493"},"modified":"2024-11-27T00:52:27","modified_gmt":"2024-11-27T03:52:27","slug":"3493-2","status":"publish","type":"page","link":"https:\/\/nifemedia.com\/index.php\/3493-2\/","title":{"rendered":"Media kit Licenciamento"},"content":{"rendered":"\n<p>Sobre o seu interesse em obter licenciamento para publica\u00e7\u00e3o no &#8220;nome da empresa&#8221;, na regi\u00e3o &#8220;decidade estado&#8221;:<\/p>\n\n\n\n<p>&#8211; Para publica\u00e7\u00e3o di\u00e1ria fixa, temos as op\u00e7\u00f5es dos quadrinhos \/ personagens:<\/p>\n\n\n\n<p>&#8211; GARFIELD<\/p>\n\n\n\n<p>&#8211; FRANK &amp; ERNEST<\/p>\n\n\n\n<p>&#8211; CALVIN &amp; HAROLDO<\/p>\n\n\n\n<p>&#8211; PEANUTS (Turma do Charlie Brown e Snoopy)<\/p>\n\n\n\n<p>*Para os domingos, h\u00e1 op\u00e7\u00f5es de dois formatos &#8211; tira ou p\u00e1gina dominical; o formato de p\u00e1gina dominical \u00e9 mais adequado para o jornal que tem um caderno especial de domingo com mais espa\u00e7o.<\/p>\n\n\n\n<p>O valor mensal da assinatura (30\/31 artes por mes) por personagem \u00e9 US$ 300; caso escolham mais de um personagem, o valor unit\u00e1rio passa a ser de US$ 250.<\/p>\n\n\n\n<p>Temos tamb\u00e9m charges editoriais de atualidades, que poder\u00e3o ser licenciadas de forma avulsa; valor e periodicidade a combinar.<\/p>\n\n\n\n<p>Para os clientes que tem assinaturas, as imagens em alta-resolu\u00e7\u00e3o s\u00e3o disponibilizadas em \u00e1rea para download e podem ser baixadas mediante login e senha fornecidos.<\/p>\n\n\n\n<p>Envio algumas amostras dos personagens em baixa-resolu\u00e7\u00e3o, e tamb\u00e9m de algumas charges editoriais.<\/p>\n\n\n\n<figure class=\"wp-block-image size-full\"><img fetchpriority=\"high\" decoding=\"async\" width=\"600\" height=\"172\" src=\"https:\/\/nifemedia.com\/wp-content\/uploads\/2024\/11\/image-1.png\" alt=\"\" class=\"wp-image-3480\" srcset=\"https:\/\/nifemedia.com\/wp-content\/uploads\/2024\/11\/image-1.png 600w, https:\/\/nifemedia.com\/wp-content\/uploads\/2024\/11\/image-1-300x86.png 300w\" sizes=\"(max-width: 600px) 100vw, 600px\" \/><\/figure>\n\n\n\n<figure class=\"wp-block-image size-full\"><img decoding=\"async\" width=\"600\" height=\"173\" src=\"https:\/\/nifemedia.com\/wp-content\/uploads\/2024\/11\/image-2.png\" alt=\"\" class=\"wp-image-3481\" srcset=\"https:\/\/nifemedia.com\/wp-content\/uploads\/2024\/11\/image-2.png 600w, https:\/\/nifemedia.com\/wp-content\/uploads\/2024\/11\/image-2-300x87.png 300w\" sizes=\"(max-width: 600px) 100vw, 600px\" \/><\/figure>\n\n\n\n<figure class=\"wp-block-image size-full\"><img decoding=\"async\" width=\"539\" height=\"377\" src=\"https:\/\/nifemedia.com\/wp-content\/uploads\/2024\/11\/image-3.png\" alt=\"\" class=\"wp-image-3482\" srcset=\"https:\/\/nifemedia.com\/wp-content\/uploads\/2024\/11\/image-3.png 539w, https:\/\/nifemedia.com\/wp-content\/uploads\/2024\/11\/image-3-300x210.png 300w\" sizes=\"(max-width: 539px) 100vw, 539px\" \/><\/figure>\n\n\n\n<figure class=\"wp-block-image size-full\"><img loading=\"lazy\" decoding=\"async\" width=\"600\" height=\"422\" src=\"https:\/\/nifemedia.com\/wp-content\/uploads\/2024\/11\/image-4.png\" alt=\"\" class=\"wp-image-3483\" srcset=\"https:\/\/nifemedia.com\/wp-content\/uploads\/2024\/11\/image-4.png 600w, https:\/\/nifemedia.com\/wp-content\/uploads\/2024\/11\/image-4-300x211.png 300w\" sizes=\"(max-width: 600px) 100vw, 600px\" \/><\/figure>\n\n\n\n<figure class=\"wp-block-image size-full\"><img loading=\"lazy\" decoding=\"async\" width=\"600\" height=\"181\" src=\"https:\/\/nifemedia.com\/wp-content\/uploads\/2024\/11\/image-5.png\" alt=\"\" class=\"wp-image-3484\" srcset=\"https:\/\/nifemedia.com\/wp-content\/uploads\/2024\/11\/image-5.png 600w, https:\/\/nifemedia.com\/wp-content\/uploads\/2024\/11\/image-5-300x91.png 300w\" sizes=\"(max-width: 600px) 100vw, 600px\" \/><\/figure>\n\n\n\n<figure class=\"wp-block-image size-full\"><img loading=\"lazy\" decoding=\"async\" width=\"600\" height=\"189\" src=\"https:\/\/nifemedia.com\/wp-content\/uploads\/2024\/11\/image-6.png\" alt=\"\" class=\"wp-image-3485\" srcset=\"https:\/\/nifemedia.com\/wp-content\/uploads\/2024\/11\/image-6.png 600w, https:\/\/nifemedia.com\/wp-content\/uploads\/2024\/11\/image-6-300x95.png 300w\" sizes=\"(max-width: 600px) 100vw, 600px\" \/><\/figure>\n\n\n\n<figure class=\"wp-block-image size-full\"><img loading=\"lazy\" decoding=\"async\" width=\"500\" height=\"326\" src=\"https:\/\/nifemedia.com\/wp-content\/uploads\/2024\/11\/image-7.png\" alt=\"\" class=\"wp-image-3486\" srcset=\"https:\/\/nifemedia.com\/wp-content\/uploads\/2024\/11\/image-7.png 500w, https:\/\/nifemedia.com\/wp-content\/uploads\/2024\/11\/image-7-300x196.png 300w\" sizes=\"(max-width: 500px) 100vw, 500px\" \/><\/figure>\n\n\n\n<figure class=\"wp-block-image size-full\"><img loading=\"lazy\" decoding=\"async\" width=\"500\" height=\"348\" src=\"https:\/\/nifemedia.com\/wp-content\/uploads\/2024\/11\/image-8.png\" alt=\"\" class=\"wp-image-3487\" srcset=\"https:\/\/nifemedia.com\/wp-content\/uploads\/2024\/11\/image-8.png 500w, https:\/\/nifemedia.com\/wp-content\/uploads\/2024\/11\/image-8-300x209.png 300w\" sizes=\"(max-width: 500px) 100vw, 500px\" \/><\/figure>\n\n\n\n<figure class=\"wp-block-image size-full\"><img loading=\"lazy\" decoding=\"async\" width=\"454\" height=\"362\" src=\"https:\/\/nifemedia.com\/wp-content\/uploads\/2024\/11\/image-9.png\" alt=\"\" class=\"wp-image-3488\" srcset=\"https:\/\/nifemedia.com\/wp-content\/uploads\/2024\/11\/image-9.png 454w, https:\/\/nifemedia.com\/wp-content\/uploads\/2024\/11\/image-9-300x239.png 300w\" sizes=\"(max-width: 454px) 100vw, 454px\" \/><\/figure>\n\n\n\n<figure class=\"wp-block-image size-full\"><img loading=\"lazy\" decoding=\"async\" width=\"500\" height=\"337\" src=\"https:\/\/nifemedia.com\/wp-content\/uploads\/2024\/11\/image-10.png\" alt=\"\" class=\"wp-image-3489\" srcset=\"https:\/\/nifemedia.com\/wp-content\/uploads\/2024\/11\/image-10.png 500w, https:\/\/nifemedia.com\/wp-content\/uploads\/2024\/11\/image-10-300x202.png 300w\" sizes=\"(max-width: 500px) 100vw, 500px\" \/><\/figure>\n\n\n\n<figure class=\"wp-block-image size-full\"><img loading=\"lazy\" decoding=\"async\" width=\"500\" height=\"378\" src=\"https:\/\/nifemedia.com\/wp-content\/uploads\/2024\/11\/image-11.png\" alt=\"\" class=\"wp-image-3490\" srcset=\"https:\/\/nifemedia.com\/wp-content\/uploads\/2024\/11\/image-11.png 500w, https:\/\/nifemedia.com\/wp-content\/uploads\/2024\/11\/image-11-300x227.png 300w\" sizes=\"(max-width: 500px) 100vw, 500px\" \/><\/figure>\n\n\n\n<figure class=\"wp-block-image size-full\"><img loading=\"lazy\" decoding=\"async\" width=\"500\" height=\"395\" src=\"https:\/\/nifemedia.com\/wp-content\/uploads\/2024\/11\/image.png\" alt=\"\" class=\"wp-image-3479\" srcset=\"https:\/\/nifemedia.com\/wp-content\/uploads\/2024\/11\/image.png 500w, https:\/\/nifemedia.com\/wp-content\/uploads\/2024\/11\/image-300x237.png 300w\" sizes=\"(max-width: 500px) 100vw, 500px\" \/><\/figure>\n\n\n\n<p>Coloco-me \u00e0 disposi\u00e7\u00e3o para quaisquer outras d\u00favidas.<\/p>\n\n\n\n<p>Se preferir, podemos marcar uma chamada de v\u00eddeo.<\/p>\n\n\n\n<p>Att<\/p>\n\n\n\n<p>Vera Barrionuevo<br>VERA LUCIA DA SILVA BARRIONUEVO &#8211;&nbsp;ME<br>&#8211; Servi\u00e7os de Pesquisa Iconogr\u00e1fica<br>fone: (011) 3129.9799 \/ cel: 99102.4888<\/p>\n\n\n\n<p>Agente Oficial no Brasil<\/p>\n\n\n\n<p><a href=\"http:\/\/www.gocomics.com\/\" target=\"_blank\" rel=\"noreferrer noopener\">http:\/\/www.gocomics.com<\/a><\/p>\n\n\n\n<p><a href=\"http:\/\/www.universaluclick.com\/\" target=\"_blank\" rel=\"noreferrer noopener\">http:\/\/www.universaluclick.com<\/a><\/p>\n\n\n\n<figure class=\"wp-block-image size-full\"><img loading=\"lazy\" decoding=\"async\" width=\"511\" height=\"195\" src=\"https:\/\/nifemedia.com\/wp-content\/uploads\/2024\/11\/image-13.png\" alt=\"\" class=\"wp-image-3492\" srcset=\"https:\/\/nifemedia.com\/wp-content\/uploads\/2024\/11\/image-13.png 511w, https:\/\/nifemedia.com\/wp-content\/uploads\/2024\/11\/image-13-300x114.png 300w\" sizes=\"(max-width: 511px) 100vw, 511px\" \/><\/figure>\n","protected":false},"excerpt":{"rendered":"<p>Sobre o seu interesse em obter licenciamento para publica\u00e7\u00e3o no &#8220;nome da empresa&#8221;, na regi\u00e3o &#8220;decidade estado&#8221;: &#8211; Para publica\u00e7\u00e3o di\u00e1ria fixa, temos as op\u00e7\u00f5es dos quadrinhos \/ personagens: &#8211; GARFIELD &#8211; FRANK &amp; ERNEST &#8211; CALVIN &amp; HAROLDO &#8211; PEANUTS (Turma do Charlie Brown e Snoopy) *Para os domingos, h\u00e1 op\u00e7\u00f5es de dois formatos &hellip;<\/p>\n<p class=\"read-more\"> <a class=\"\" href=\"https:\/\/nifemedia.com\/index.php\/3493-2\/\"> <span class=\"screen-reader-text\">Media kit Licenciamento<\/span> Leia mais &raquo;<\/a><\/p>\n","protected":false},"author":1,"featured_media":0,"parent":0,"menu_order":0,"comment_status":"closed","ping_status":"closed","template":"","meta":{"_uag_custom_page_level_css":"","site-sidebar-layout":"default","site-content-layout":"","ast-site-content-layout":"default","site-content-style":"default","site-sidebar-style":"default","ast-global-header-display":"","ast-banner-title-visibility":"","ast-main-header-display":"","ast-hfb-above-header-display":"","ast-hfb-below-header-display":"","ast-hfb-mobile-header-display":"","site-post-title":"","ast-breadcrumbs-content":"","ast-featured-img":"","footer-sml-layout":"","theme-transparent-header-meta":"","adv-header-id-meta":"","stick-header-meta":"","header-above-stick-meta":"","header-main-stick-meta":"","header-below-stick-meta":"","astra-migrate-meta-layouts":"set","ast-page-background-enabled":"default","ast-page-background-meta":{"desktop":{"background-color":"var(--ast-global-color-4)","background-image":"","background-repeat":"repeat","background-position":"center center","background-size":"auto","background-attachment":"scroll","background-type":"","background-media":"","overlay-type":"","overlay-color":"","overlay-gradient":""},"tablet":{"background-color":"","background-image":"","background-repeat":"repeat","background-position":"center center","background-size":"auto","background-attachment":"scroll","background-type":"","background-media":"","overlay-type":"","overlay-color":"","overlay-gradient":""},"mobile":{"background-color":"","background-image":"","background-repeat":"repeat","background-position":"center center","background-size":"auto","background-attachment":"scroll","background-type":"","background-media":"","overlay-type":"","overlay-color":"","overlay-gradient":""}},"ast-content-background-meta":{"desktop":{"background-color":"var(--ast-global-color-5)","background-image":"","background-repeat":"repeat","background-position":"center center","background-size":"auto","background-attachment":"scroll","background-type":"","background-media":"","overlay-type":"","overlay-color":"","overlay-gradient":""},"tablet":{"background-color":"var(--ast-global-color-5)","background-image":"","background-repeat":"repeat","background-position":"center center","background-size":"auto","background-attachment":"scroll","background-type":"","background-media":"","overlay-type":"","overlay-color":"","overlay-gradient":""},"mobile":{"background-color":"var(--ast-global-color-5)","background-image":"","background-repeat":"repeat","background-position":"center center","background-size":"auto","background-attachment":"scroll","background-type":"","background-media":"","overlay-type":"","overlay-color":"","overlay-gradient":""}},"footnotes":""},"class_list":["post-3493","page","type-page","status-publish","hentry"],"uagb_featured_image_src":{"full":false,"thumbnail":false,"medium":false,"medium_large":false,"large":false,"1536x1536":false,"2048x2048":false},"uagb_author_info":{"display_name":"nifeab","author_link":"https:\/\/nifemedia.com\/index.php\/author\/nifeab\/"},"uagb_comment_info":0,"uagb_excerpt":"Sobre o seu interesse em obter licenciamento para publica\u00e7\u00e3o no &#8220;nome da empresa&#8221;, na regi\u00e3o &#8220;decidade estado&#8221;: &#8211; Para publica\u00e7\u00e3o di\u00e1ria fixa, temos as op\u00e7\u00f5es dos quadrinhos \/ personagens: &#8211; GARFIELD &#8211; FRANK &amp; ERNEST &#8211; CALVIN &amp; HAROLDO &#8211; PEANUTS (Turma do Charlie Brown e Snoopy) *Para os domingos, h\u00e1 op\u00e7\u00f5es de dois formatos&hellip;","_links":{"self":[{"href":"https:\/\/nifemedia.com\/index.php\/wp-json\/wp\/v2\/pages\/3493","targetHints":{"allow":["GET"]}}],"collection":[{"href":"https:\/\/nifemedia.com\/index.php\/wp-json\/wp\/v2\/pages"}],"about":[{"href":"https:\/\/nifemedia.com\/index.php\/wp-json\/wp\/v2\/types\/page"}],"author":[{"embeddable":true,"href":"https:\/\/nifemedia.com\/index.php\/wp-json\/wp\/v2\/users\/1"}],"replies":[{"embeddable":true,"href":"https:\/\/nifemedia.com\/index.php\/wp-json\/wp\/v2\/comments?post=3493"}],"version-history":[{"count":2,"href":"https:\/\/nifemedia.com\/index.php\/wp-json\/wp\/v2\/pages\/3493\/revisions"}],"predecessor-version":[{"id":3495,"href":"https:\/\/nifemedia.com\/index.php\/wp-json\/wp\/v2\/pages\/3493\/revisions\/3495"}],"wp:attachment":[{"href":"https:\/\/nifemedia.com\/index.php\/wp-json\/wp\/v2\/media?parent=3493"}],"curies":[{"name":"wp","href":"https:\/\/api.w.org\/{rel}","templated":true}]}}